)?
7
What is the value of (-12 - -15 - -4) + -12?
-5
Calculate -72 + 94 - (0 + 12) - -2.
12
8 + (-7 - 5) + 23
19
What is (389 - 386) + 2 + 0 + (-5 - 1)?
-1
What is the value of 5 + (-14 - ((-1 - 2) + -4 + 2))?
-4
What is the value of -10 + 22 - ((2 - 0) + -16)?
26
(40 - 20) + -48 + 21
-7
16 - -14 - 3 - 22
5
What is the value of -9 + -2 + 5 + -9 + -12 + 25?
-2
What is the value of 17 + -8 - (6 - -1)?
2
-9 + (26 - 12) - 1
4
What is 4 - (0 + 3) - (198 - 182)?
-15
What is 22 - 3 - (13 - 3)?
9
Calculate -9 + (5 - 6 - (12 + -6) - 3).
-19
Evaluate -14 - -3 - (-64 + 69).
-16
What is the value of -1 + -5 + (20 - 6) + 0 + -9?
-1
Calculate -70 + (-24 - -86) - (1 - 0 - 0).
-9
-6 - (-4 + 1 + 2 + -3)
-2
What is 56 + -53 - (0 + 5)?
-2
Evaluate (397 - 388) + 0 + (-9 - -1) + -6.
-5
Calculate (-1 - 1) + 20 + 2 + -434 + 428.
14
What is the value of -20 + 2 + 11 + 0 + 0?
-7
What is -2 - -1 - -3 - (20 + -24 + 16)?
-10
Calculate 312 + -276 + (-2 - 20).
14
Calculate (4 - 0) + -36 + (39 - 24).
-17
Evaluate -8 - -26 - (-45 - -70).
-7
What is 1 - (1 + -5 - (-2 + -5))?
-2
What is the value of (2 - 17) + 16 - -4?
5
0 + 3 + 3 + (6 - 6) - -2
8
-1 + 17 + -7 - (6 + -5 + 12)
-4
-13 - (-17 + 13 - 5)
-4
Calculate 13 + -10 + 4 - 26 - -8.
-11
What is the value of 7 + (-3 + 4 + -9 - (-57 + 60))?
-4
What is the value of -1 + (-2 + 5 - (13 - 16))?
5
-5 + 24 + 9 + (-4 - 6)
18
Calculate 3 + 10 + 5 + -12.
6
What is the value of 0 - 0 - (34 - (20 - -4))?
-10
What is the value of 401 - 362 - (23 - 0)?
16
Calculate 3 + 4 - (20 - 18) - (1 + 13).
-9
What is the value of 7 - (6 - (11 + -6))?
6
What is -5 - -37 - (8 + 16)?
8
What is the value of 3 + -1 + (-10 - ((-14 - -2) + 17))?
-13
What is the value of -2 + 0 + -13 + -1 - -6 - -6?
-4
(6 - (2 + -1 - 7)) + -7
5
Evaluate 4 + 0 + (-10 - -1) + 13 + 0.
8
2 - (-8 - (-11 + (9 - 5)))
3
-33 + (-18 - (-16 + -9))
-26
Evaluate (37 - 28) + -4 + -36.
-31
What is the value of 0 + -1 + (13 - (-18 - (-18 + 2)))?
14
What is (-1 + 0 - -3 - (52 - 49)) + -13?
-14
Evaluate -4 - 14 - -21 - (-6 - -21).
-12
What is -1 + 12 - ((88 - 54) + -13)?
-10
What is (-9 - (-8 - (8 + -8))) + -6?
-7
Evaluate 2 + (4 - -6) + -12 - 17.
-17
What is (-37 - (-54 + 7)) + 16?
26
What is (-1 - -17 - -6) + (-3 - -1) + 1?
21
Evaluate (-74 - (-22 + -6)) + 25.
-21
-18 + -18 + 18 + 31
13
What is the value of 19 - 20 - 2 - (-9 - 2)?
8
What is the value of (-17 - 34) + 11 - -32?
-8
Evaluate -10 - (-15 - -11) - 5.
-11
What is -7 + 3 + (1 - 1) + -4?
-8
Evaluate (-6 - -11) + 2 + -21 + 1.
-13
What is -28 + 1 + -24 + 4 + 26?
-21
Evaluate (19 + 10 - 10) + (-12 - -4).
11
What is the value of -16 + (65 - (-4 + 22))?
31
Calculate (-6 + 5 - 0) + -10.
-11
10 - -2 - (10 - 9)
11
Calculate -13 - ((35 - 34) + -1 + (1 - 3)).
-11
What is (-18 - (-40 - (-23 - -17))) + -28?
-12
3 - (1 - 7 - ((-12 - -21) + -13))
5
What is -7 + (25 + -11 - 14) + -2?
-9
Calculate 2 - (11 + -1 + (1 - 4)).
-5
(6 - (-1 + -4 + 8)) + -5
-2
Evaluate -11 + (5 - -11 - 9).
-4
Evaluate -1 - (2 + -12) - 5.
4
What is the value of 13 + -30 - -10 - (-1 - (30 + -1))?
23
What is the value of -29 + 6 + ((1 - 0) + -7 - -4)?
-25
What is the value of -26 - -2 - 3 - (96 + -107)?
-16
Calculate 15 - (-11 - (-13 + -9)).
4
Calculate -3 - ((-6 - -5) + (0 - 3) + -1).
2
Calculate -3 + 22 - (172 + -184).
31
Evaluate -34 + 16 + 5 - -28.
15
Evaluate 30 - 0 - (184 - 171) - (-12 + 5).
24
What is the value of (-19 - 7 - -30) + 19?
23
Calculate -5 - ((8 - (2 + 8)) + 8 + 0).
-11
What is -4 + (9 + 2 - (-3 - (-2 - 5)))?
3
-5 - (-29 + 16 - -26)
-18
Evaluate (-1 - 15) + 1 - ((80 - 24) + -52).
-19
-2 + 7 + 0 + -7 + 18
16
What is (-9 - -9 - 11) + -8?
-19
What is the value of -5 + (42 + -34 + (-1 - -1) - 4)?
-1
Evaluate -17 + 3 + 1 + 3.
-10
What is the value of (-3 - (-4 - -2)) + 10 + -1 + -3?
5
50 - ((64 - 35) + 1)
20
-19 - ((12 - 13) + -16 - -14)
-16
(13 - 2 - (1 - -7)) + 1 + -22
-18
What is the value of (-12 - (-40 - -1)) + -14?
13
Evaluate 0 - (2 + (10 - (3 + 3))) - -19.
13
Evaluate 4 + (2 + -7 + -4 - 13).
-18
Calculate 1 - (-8 - -16 - 19).
12
Evaluate -7 - ((-5 - (6 + -10)) + -3).
-3
What is the value of -11 + (9 - 2 - (11 + -10) - 5)?
-10
What is the value of (-1 - (-9 + 12)) + -1?
-5
-1 + 7 + -31 + 2 + 14 + -9
-18
Calculate (3 - (16 + -15)) + -4 + 4.
2
Evaluate -16 + 37 - ((-5 - -3) + 2).
21
Evaluate -10 - (5 - (-2 - (-21 + 10))).
-6
-1 + -6 - (28 + -48 + 16)
-3
Evaluate (35 - (4 + -4 + 12)) + -9.
14
What is the value of 63 + -50 + (-8 - 4)?
1
What is the value of (44 - 4) + (-104 - -66)?
2
What is -2 + 0 - 0 - (1 + 4)?
-7
What is -3 + (3 - (5 + -2) - (16 - 13))?
-6
Evaluate 2 - (13 - 15) - 10.
-6
What is the value of 14 + (51 + -54 + -4 + 0 - -3)?
10
Evaluate (1 - 6) + (-59 - (-77 + 1)).
12
What is 7 + -3 + 8 + (-19 - -3) - -27?
23
What is 5 - 2 - (-100 + 86)?
17
What is the value of (-5 - (-5 - (-4 - 1))) + 9 + -4?
0
Evaluate (20 - 22) + (-1 - 4) + 47 + -34.
6
Evaluate 3 - (44 - (-4 - -22)).
-23
14 - (5 + 24 + -15)
0
Calculate 17 - (1001 - 1007 - (1 - (0 - 0))).
24
(-2 - (-4 - (-3 - 1))) + 3 - 15
-14
What is (-37 - (-8 - -5)) + (-18 - (-20 + -7))?
-25
What is 38 - (1 - -2 - (237 - 245))?
27
What is -315 + 296 + -1 + 21?
1
5 + -12 + 16 + (-10 - -3) + 5
7
What is the value of 13 - (11 + (49 - 25))?
-22
What is -10 + (-13 - (-2 - -3 - (6 + -2)))?
-20
Evaluate (-7 - (-24 + 7 + 7)) + (-2 - 14).
-13
What is the value of (2 + -36 - -1) + (-67 - -77)?
-23
What is 17 - (-2 - (-28 + 29))?
20
What is the value of 1 + 3 + 9 + -9 + -11?
-7
Calculate 9 + -11 + -20 + 12.
-10
7 - (13 - (7 + (-6 - 0)))
-5
What is the value of -24 + (-2 - 3 - -16)?
-13
What is the value of (58 + -24 - 38) + (-1 - 2) + 1?
-6
8 - -17 - 20 - 14
-9
What is the value of (-15 - (-3 + -6)) + (-8 - -37)?
23
(-10 - 3 - -1) + (6 - 7)
-13
Evaluate (-9 - (1 - -6 - (17 - 9))) + 32.
24
Evaluate (17 - 5) + -11 - (-5 - -11).
-5
Calculate (6 - (6 + 12)) + 2.
-10
Calculate (-44 - -33) + -3 + 13.
-1
What is -40 + 48 + -21 + -4?
-17
What is -2 + 2 + -4 + (14 - (-5 - -28))?
-13
Evaluate (0 - 4) + -9 - (29 + -26) - 3.
-19
Evaluate -15 + 21 - (-2 + 1) - 3 - 8.
-4
2 + -1 + (39 - (37 - -2))
1
Calculate 3 - 19 - (-84 - -66).
2
Evaluate 13 - (7 + -7 + 5 + -7).
15
(0 - -25 - 8) + -7 + -1
9
(23 + 0 - (-263 - -270)) + -7
9
25 + 0 - (-45 - (-65 - -22))
27
Calculate -13 - (-32 + 0 + (-4 - -14)).
9
Evaluate -4 + -2 + 16 + 27 + -21.
16
What is the value of -17 + -36 + 53 + -33?
-33
(-112 - -128) + (-3 - ((-2 - -2) + 2))
11
-8 - (3 + -8 + 31 - 11)
-23
Evaluate 2 + 2 + -4 + -155 + 151.
-4
Calculate 13 - ((-12 - -21) + -1) - (41 + -4).
-32
What is (4 + 3 + -6 - (8 - 12)) + -12?
-7
Evaluate -9 + (3 - ((1 - 7) + 6)).
-6
Evaluate (6 + (-2 - 2) - (7 - 12)) + 4.
11
What is the value of (-3 + -6 + 8 + 4 - -2) + -17?
-12
0 - (-14 + 15) - (3 - (-1 + 5))
0
What is the value of (7 - 13 - -43) + -6 - 14?
17
What is the value of -8 - ((-6 - 8) + -2) - 2?
6
What is -279 + 271 - (4 + -1)?
-11
What is 5 + (-6 - (-2 - (3 + -4))) + 0?
0
What is the value of (1 - -2) + 3 - (-49 - -52)?
3
What is the value of 0 + (-2 + 5 - (-3 + -4))?
10
-3 + -2 - (-5 - 13) - 10
3
What is -39 + (4 - -11) + 14?
-10
Calculate 1 - (-15 - (-2 - 12)).
2
Calculate 3 + 3 + -3 - (46 + -42).
-1
Calculate -51 + 41 + (0 - -8).
-2
What is the value of -3 + (0 - 10 - -3) + (243 - 244)?
-11
What is the value of 1 - 20 - (-88 - -54)?
15
4 + -1 + (32 - 21) - -1
15
Calculate -15 + 35 + 4 + -14.
10
15 + -7 + -7 - 7 - (2 - -8)
-16
Evaluate 14 + -24 + 21 + -22.
-11
Evaluate 4 - 3 - (14 - 23).
10
-26 - (3 + 6 + -14 + -7)
-14
What is the value of (8 - -5) + 4 + 0 + -12?
5
What is 25 + -15 + -23 - -30?
17
What is 16 + (-2 + (12 - 2 - 5) - -8)?
27
Calculate (-9 - 3) + (13 + -11 - -5).
-5
What is the value of -8 + (14 - 26) + 6 + 10?
-4
What is the value of 7 + 5 + -13 + (4 - (-2 + -6))?
11
What is 1 - (-2 + 4) - (-13 + -3 - -10)?
5
13 + 3 - (-5 + 35)
-14
12 - -3 - (13 + 15)
-13
What is (13 + 4 - (-12 - -21)) + (-1 - 3)?
4
Evaluate -125 + 119 - (1 + -1 + (3 - -5)).
-14
What is -17 + (-9 + 3 - -21) + -8?
-10
Calculate (-3 - 2) + 1 - (-6 + 10 + -15).
7
Evaluate -5 - ((2 - 6 - -6) + 0 + 0).
-7
What is the value of 7 + -18 + 7 + 10 + (13 - 2)?
17
Evaluate (-10 - (-5 + -4 + 7 - -8)) + 7.
-9
What is (74 - 64) + (0 - 3)?
7
What is (-1 - 7) + 1 + 8 + 16?
17
Evaluate 8 - (3 - (5 - (-3 - -10))).
3
Wh